usands digit of 2427046?
4
What is the units digit of 25034381?
1
What is the units digit of 779292?
2
What is the hundreds digit of 551523?
5
What is the thousands digit of 170875?
0
What is the hundred thousands digit of 1123195?
1
What is the tens digit of 1952473?
7
What is the hundreds digit of 347638?
6
What is the hundred thousands digit of 705630?
7
What is the hundreds digit of 8336500?
5
What is the thousands digit of 208005?
8
What is the units digit of 134701?
1
What is the hundreds digit of 1668387?
3
What is the millions digit of 2548710?
2
What is the hundred thousands digit of 289001?
2
What is the hundred thousands digit of 291360?
2
What is the hundred thousands digit of 1331735?
3
What is the hundreds digit of 14150722?
7
What is the tens digit of 767999?
9
What is the hundreds digit of 3257466?
4
What is the units digit of 429708?
8
What is the units digit of 8723926?
6
What is the tens digit of 12225955?
5
What is the units digit of 5341338?
8
What is the units digit of 106415?
5
What is the hundred thousands digit of 292414?
2
What is the tens digit of 1649070?
7
What is the hundred thousands digit of 10829814?
8
What is the hundred thousands digit of 21139199?
1
What is the units digit of 180376?
6
What is the tens digit of 479019?
1
What is the ten thousands digit of 67927?
6
What is the tens digit of 892804?
0
What is the hundreds digit of 342999?
9
What is the hundred thousands digit of 174147?
1
What is the units digit of 122127?
7
What is the tens digit of 5522357?
5
What is the units digit of 12033?
3
What is the tens digit of 333982?
8
What is the hundreds digit of 4519428?
4
What is the thousands digit of 600510?
0
What is the ten thousands digit of 3169995?
6
What is the tens digit of 4950481?
8
What is the hundred thousands digit of 812191?
8
What is the ten millions digit of 14078139?
1
What is the ten thousands digit of 6693219?
9
What is the thousands digit of 67649?
7
What is the ten thousands digit of 116552?
1
What is the units digit of 2358094?
4
What is the tens digit of 369003?
0
What is the millions digit of 16003173?
6
What is the thousands digit of 156036?
6
What is the thousands digit of 1377283?
7
What is the hundreds digit of 16665551?
5
What is the hundred thousands digit of 1261745?
2
What is the units digit of 12955247?
7
What is the thousands digit of 674482?
4
What is the thousands digit of 561918?
1
What is the ten thousands digit of 2261344?
6
What is the tens digit of 2162253?
5
What is the millions digit of 1180766?
1
What is the millions digit of 2167425?
2
What is the hundred thousands digit of 228681?
2
What is the hundred thousands digit of 30429699?
4
What is the thousands digit of 2379043?
9
What is the millions digit of 3904763?
3
What is the units digit of 142501?
1
What is the millions digit of 1275322?
1
What is the units digit of 7117024?
4
What is the ten thousands digit of 437893?
3
What is the hundreds digit of 785750?
7
What is the tens digit of 5016811?
1
What is the ten thousands digit of 847078?
4
What is the units digit of 6560648?
8
What is the tens digit of 4239521?
2
What is the units digit of 1763537?
7
What is the hundred thousands digit of 180440?
1
What is the tens digit of 701194?
9
What is the units digit of 354054?
4
What is the thousands digit of 3062436?
2
What is the units digit of 142659?
9
What is the ten thousands digit of 425243?
2
What is the ten thousands digit of 301443?
0
What is the hundreds digit of 11675413?
4
What is the tens digit of 4753?
5
What is the units digit of 196916?
6
What is the millions digit of 30233967?
0
What is the thousands digit of 24237562?
7
What is the ten thousands digit of 6195091?
9
What is the tens digit of 4116908?
0
What is the ten millions digit of 18934641?
1
What is the ten thousands digit of 270749?
7
What is the thousands digit of 610189?
0
What is the hundreds digit of 15457855?
8
What is the hundreds digit of 363336?
3
What is the hundreds digit of 1427504?
5
What is the ten thousands digit of 261397?
6
What is the units digit of 669836?
6
What is the tens digit of 201343?
4
What is the ten thousands digit of 14933038?
3
What is the thousands digit of 462679?
2
What is the hundred thousands digit of 629631?
6
What is the ten thousands digit of 181581?
8
What is the ten millions digit of 15323274?
1
What is the hundreds digit of 10758270?
2
What is the ten thousands digit of 1328767?
2
What is the units digit of 110988?
8
What is the ten thousands digit of 535162?
3
What is the hundreds digit of 10953666?
6
What is the tens digit of 1363340?
4
What is the ten millions digit of 31639694?
3
What is the units digit of 7900279?
9
What is the tens digit of 398357?
5
What is the tens digit of 56561?
6
What is the hundreds digit of 18397?
3
What is the thousands digit of 12410593?
0
What is the tens digit of 4111482?
8
What is the units digit of 378078?
8
What is the hundred thousands digit of 9765725?
7
What is the units digit of 74315?
5
What is the units digit of 8241657?
7
What is the ten thousands digit of 3383766?
8
What is the ten thousands digit of 254110?
5
What is the units digit of 1104511?
1
What is the thousands digit of 56244?
6
What is the millions digit of 1148141?
1
What is the hundred thousands digit of 5349191?
3
What is the units digit of 1589904?
4
What is the hundreds digit of 9290595?
5
What is the units digit of 2588808?
8
What is the thousands digit of 4215267?
5
What is the thousands digit of 8312594?
2
What is the ten thousands digit of 188240?
8
What is the thousands digit of 7719974?
9
What is the thousands digit of 2298693?
8
What is the hundred thousands digit of 409056?
4
What is the tens digit of 237860?
6
What is the hundred thousands digit of 620648?
6
What is the units digit of 3745909?
9
What is the units digit of 10207801?
1
What is the ten thousands digit of 2104495?
0
What is the hundreds digit of 47521?
5
What is the hundred thousands digit of 10320288?
3
What is the thousands digit of 62591?
2
What is the thousands digit of 5298583?
8
What is the hundred thousands digit of 510402?
5
What is the thousands digit of 1734082?
4
What is the tens digit of 406157?
5
What is the hundred thousands digit of 1009097?
0
What is the hundred thousands digit of 16137486?
1
What is the thousands digit of 3946686?
6
What is the tens digit of 82781?
8
What is the ten millions digit of 12683583?
1
What is the hundred thousands digit of 205360?
2
What is the millions digit of 3218406?
3
What is the tens digit of 3089649?
4
What is the hundred thousands digit of 1647584?
6
What is the thousands digit of 2721444?
1
What is the ten thousands digit of 5046642?
4
What is the millions digit of 20971442?
0
What is the units digit of 749623?
3
What is the ten thousands digit of 398643?
9
What is the thousands digit of 157353?
7
What is the tens digit of 1489905?
0
What is the ten thousands digit of 8860258?
6
What is the hundred thousands digit of 4424713?
4
What is the hundreds digit of 128868?
8
What is the tens digit of 9719337?
3
What is the tens digit of 459101?
0
What is the tens digit of 737355?
5
What is the hundreds digit of 1433643?
6
What is the tens digit of 10603877?
7
What is the hundred thousands digit of 492280?
4
What is the ten thousands digit of 8417901?
1
What is the tens digit of 5294935?
3
What is the thousands digit of 729481?
9
What is the units digit of 6660819?
9
What is the hundreds digit of 2634997?
9
What is the thousands digit of 41406?
1
What is the hundreds digit of 179925?
9
What is the hundred thousands digit of 13120747?
1
What is the thousands digit of 3235255?
5
What is the hundred thousands digit of 5311866?
3
What is the units digit of 1400189?
9
What is the units digit of 331131?
1
What is the hundreds digit of 142308?
3
What is the ten thousands digit of 1603821?
0
What is the units digit of 191502?
2
What is the hundreds digit of 55565?
5
What is the units digit of 2720122?
2
What is the thousands digit of 61382?
1
What is the units digit of 2166906?
6
What is the tens digit of 221536?
3
What is the ten thousands digit of 2880514?
8
What is the hundreds digit of 4142602?
6
What is the hundred thousands digit of 1768723?
7
What is the thousands digit of 22556